 - 15311. List the prime factors of a.
7, 19
Suppose -4*l + 2*g = -98, -2*l + 2*g = l - 71. Suppose -l = -10*x + x. Suppose 5*y - 206 - 754 = -4*q, -3*q + 579 = x*y. What are the prime factors of y?
2, 47
Suppose 5*z + 5*a = 74155, -4*z - 5*a = -7*z + 44437. What are the prime factors of z?
2, 17, 109
Suppose 0 = 3*s + 14 - 2, -5*a = -3*s - 289002. Suppose -32*u + a = 7*u. List the prime factors of u.
2, 3, 13, 19
Let q(p) = p**3 + 2*p**2 - 3*p - 527. Let z be q(0). Let o be 4/6 + z/(-51). Suppose 5*v + 1494 = o*v. What are the prime factors of v?
3, 83
List the prime factors of ((-46709)/(-143))/((-1)/(-27)) - (-4)/(-22).
8819
Let j = 29 - 69. Let o be (-176)/j + (-9)/(-15). Suppose o*r - 326 = 934. List the prime factors of r.
2, 3, 7
Suppose -4*t + h = 813, -h + 220 = -t + 13. Let n = t + 220. What are the prime factors of n?
2, 3
Let a = 6509 - 1496. List the prime factors of a.
3, 557
Suppose 7*q + 24153 = 276804. List the prime factors of q.
3, 53, 227
Let o(w) = -5*w - 52. Suppose 33 = -3*s - 4*b, 3*b = 3*s + 25 + 29. List the prime factors of o(s).
23
Let u(b) = -5*b**2 - 33*b - 30. Let z(m) = 14*m**2 + 98*m + 88. Let x(v) = 11*u(v) + 4*z(v). What are the prime factors of x(-41)?
2, 257
Suppose 11 = -3*v - 16*y + 21*y, -v + 4*y - 13 = 0. Let a(s) = 100*s**2 - 18*s + 51. List the prime factors of a(v).
3, 13, 23
Let i = -9167 - -15466. List the prime factors of i.
6299
Suppose 0 = -2*d - 5*d + 42. Let c be ((-2)/(-4))/((d - 1)/50). Suppose -2*l = 2*v + v - 163, 0 = -c*v + 15. List the prime factors of l.
7, 11
Suppose -38*z + 33*z = -4*q - 34330, -5 = -q. List the prime factors of z.
2, 3, 5, 229
Let k(t) = t**3 - 2*t**2 - t + 17. What are the prime factors of k(18)?
71, 73
Suppose 2*d + 28 = 16*d. Let o(r) = 161*r + 64. What are the prime factors of o(d)?
2, 193
Suppose 130*b = 536438 + 215612. List the prime factors of b.
5, 13, 89
What are the prime factors of -62 + 44 - (-4 + -22288)?
2, 7, 37, 43
Suppose p = -3*n + 320 + 813, n - 373 = -5*p. Let q = 476 + n. What are the prime factors of q?
2, 7, 61
Let x(n) = -38 + 3*n**2 + 118 - 39 + 9*n - 38. Let s be 2/3 - (-230)/(-30). List the prime factors of x(s).
3, 29
Let o(x) = x**2 - x - 4. Suppose -2*l - 18 = -5*l. Suppose -12 = -4*j + l*j. What are the prime factors of o(j)?
2, 19
Suppose 49920 = 3*l + 2*z, -10*l + 33*z = 29*z - 166368. What are the prime factors of l?
2, 3, 47, 59
Let k = 1157 + -1141. Suppose 0*z = -3*z - 15. List the prime factors of (59/z + 1)/(k/(-80)).
2, 3
Suppose -4*r - 50*v + 3272 = -46*v, -4*r + 3257 = v. Suppose -4*p - r = -o, -2*o + 3*o + 4*p = 781. List the prime factors of o.
797
Suppose -37*x = -45*x + 120. Suppose 3*l = 4*t - 1268, -5*l - 1585 = 10*t - x*t. List the prime factors of t.
317
Suppose -2*v + 178 = -1086. Suppose 1573 = 7*q - v. What are the prime factors of q?
3, 5, 7
List the prime factors of (-6)/36*6/1*-16868.
2, 4217
Let q(y) = 5*y - 9. Let c(j) = 4*j - 9. Let s(i) = 3*c(i) - 2*q(i). Let x be s(6). Suppose 5*a + x*t = a + 880, -5*a + 1105 = 5*t. List the prime factors of a.
7, 31
Suppose -4*j = -22*j + 90. Suppose -33*k - j*x + 610 = -32*k, 0 = -4*x. List the prime factors of k.
2, 5, 61
Suppose -5*d + 3*z = -106019, -8*d + 9*z = 8*z - 169638. List the prime factors of d.
5, 4241
Suppose 17*x = -y + 12*x + 6171, 0 = 5*x - 10. What are the prime factors of y?
61, 101
Let i(v) = -v**3 + 22*v**2 - 30*v + 22. Let d be i(15). Suppose 0 = 6*q - 461 - d. List the prime factors of q.
2, 67
Suppose 3*a + 12 = -3. Let n be ((-5)/a)/(-1*2/30). List the prime factors of (-3)/n - 948/(-10).
5, 19
Let m = -3583 - -10050. List the prime factors of m.
29, 223
Suppose 3*b = 2*l + 2, -5*b - 10 + 11 = -l. Let r(q) = 44*q + 489. List the prime factors of r(b).
3, 163
Suppose -33*l + 290170 = 76594. What are the prime factors of l?
2, 809
Let u be ((-8)/(-16))/(7300/2432 - 3). Let q(p) = -p**3 - 4*p**2 + 5*p + 4. Let v be q(-5). Suppose u = v*n - 48. List the prime factors of n.
2, 11
Suppose 171*s - 4077284 + 2604273 = 3645532. What are the prime factors of s?
37, 809
Let y(u) = -u**2 + 2*u + 11. Let g(x) = -x**2 + 7*x - 8. Let r be g(3). Suppose 5*h + 10 = -2*f, r*f = h + f - 15. List the prime factors of y(h).
11
Let n be (-12)/(-20) + (-39)/15. Suppose 16*c - 1894 = 2074. List the prime factors of (-15)/n*(-4 - c/(-12)).
5
Let j = 168 + 115. Let l(c) = -17*c**2 + 2978*c - 501. Let y be l(175). Let u = j - y. List the prime factors of u.
7, 37
Suppose -2*f - 5*s = -6399, 2298 = 5*f + 5*s - 13737. Let y = f - 1689. List the prime factors of y.
1523
Suppose 0 = 4*t - 12, t = 2*b + 143 + 210. List the prime factors of (7 - b/(-20))*-204.
3, 7, 17
Suppose 475*y = 474*y - 3. Let a(k) = 193*k**2 + 23*k + 76. What are the prime factors of a(y)?
2, 109
Suppose -5052 = 2*d - 31432. What are the prime factors of d?
2, 5, 1319
Let o(q) be the second derivative of 13*q**3/3 + 51*q**2 + 22*q - 1. What are the prime factors of o(34)?
2, 17, 29
Suppose -5*v - w = -13703, -111*w + 15 = -106*w. What are the prime factors of v?
2, 5, 137
Let x(v) = -8*v**3 + v**2 + 4*v + 3. Let q be x(-1). Suppose -q*b + 4950 = -722. List the prime factors of b.
709
List the prime factors of -2 - -35846 - (-1 - 11 - (23 - 41)).
2, 3, 11, 181
Suppose -110 + 89 = 3*c. List the prime factors of (0 + -7)/(-49) - 1735/c.
2, 31
Suppose 2*w - 5624 = -x - 0*w, x - 5633 = w. What are the prime factors of x?
2, 5, 563
Suppose -3*x + 5*q + 225987 + 1060 = 0, 2*x + 2*q - 151402 = 0. What are the prime factors of x?
2, 37847
Let n(x) = 73*x - 688. What are the prime factors of n(14)?
2, 167
Let v(s) = 31*s**2 + 3*s + 13. Let k be v(6). Let z = -659 + k. What are the prime factors of z?
2, 61
What are the prime factors of ((-2913)/(-4))/((-264)/(-5184)) - (-2)/(-11)?
2, 5, 11, 13
Suppose -13 = 3*y - 3*v - 61, 0 = y - 4*v - 22. Let r(l) = 16*l + 5 + y + 4 + 0. What are the prime factors of r(13)?
3, 7, 11
Let h(z) = 4*z**2 - 9. Let w be h(4). Suppose -50*r + w*r + 40 = 0. What are the prime factors of r/(-2)*(-8)/48*-39?
2, 13
Suppose 35*c - 38*c - 3021 = 0. Let g = c - -1766. What are the prime factors of g?
3, 11, 23
Suppose 5*y - 3*z = 88485, 0 = -3*y - 83*z + 79*z + 53091. List the prime factors of y.
3, 17, 347
Suppose 0 = 5*i, 3*z - 159 = -2*i + 225. Let d be z/((-2)/(-3) - 0). Suppose -53 = -3*m - 2*w + d, -3*m + w = -260. What are the prime factors of m?
5, 17
Let q(m) = 237*m - 2201. List the prime factors of q(66).
13441
Suppose p + 2*b - 3*b = -3, 3*p - 9 = -3*b. Let h = -140 - -268. Suppose 3*i - i - h = p. What are the prime factors of i?
2
Let t be (-1)/(8/(-2458))*(-192)/(-48). Suppose -11*a = -4287 + t. What are the prime factors of a?
2, 139
Let u(l) = 151*l - 11. Let p be u(13). Suppose 13*t + 1537 = 17*t + 5*z, -5*t + 4*z = -p. List the prime factors of t.
2, 97
Let x = -20995 - -24170. What are the prime factors of x?
5, 127
Let l(y) = 29*y**2 + 3*y + 13. Let o be l(3). Let t = 930 - o. What are the prime factors of t?
647
Let z = -13669 - -24672. What are the prime factors of z?
11003
Let h(n) = n**2 - n + 8. Let f be h(-3). Let l = 23 - f. Suppose -2*u + 324 = l*g, 5 = 5*g + 5*u - 530. List the prime factors of g.
2, 5, 11
Let j(s) = -s**2 - 28*s - 68. Let v be j(-25). Suppose v*t = 28*t - 13251. List the prime factors of t.
631
Suppose -3 = l - 1. Let o(v) = -6*v - 5. Let x be o(l). Suppose -x*p + 6*p = -134. List the prime factors of p.
2, 67
Suppose 1917 = 21*y + 195. Let i = y - -129. What are the prime factors of i?
211
Let g(w) = -w**2 - 118*w - 97. What are the prime factors of g(-74)?
3, 13
Let r = 166 + -164. Suppose -o - 3*d + 846 = 4*o, 0 = r*o - 5*d - 357. What are the prime factors of o?
3, 19
Let z(u) = 4*u**2 - 8*u. Let g(v) be the third derivative of v**5/60 - v**4/12 + v**2. Let x(h) = 9*g(h) - 2*z(h). What are the prime factors of x(-3)?
3, 5
Let c(q) = -4*q**2 + 5*q - 61. Let z be c(5). List the prime factors of ((-4)/(-1))/(z/(-2822)).
83
Suppose 2*b + 5*d - 35 = 0, -b - 143*d + 147*d - 15 = 0. Suppose 11*a - b*a = 7746. What are the prime factors of a?
1291
Let q = 10347 + -4921. List the prime factors of q.
2, 2713
Let k(m) = 1620*m - 10952. What are the prime factors of k(29)?
2, 9007
Let z(v) = v**2 - 120*v - 13. Let q(d) = 2*d**2 - 363*d - 40. Let p(r